{"id":50,"date":"2025-09-03T13:19:11","date_gmt":"2025-09-03T13:19:11","guid":{"rendered":"https:\/\/adminparticuliers.alwaysdata.net\/wordpress\/?page_id=50"},"modified":"2025-12-12T15:50:59","modified_gmt":"2025-12-12T15:50:59","slug":"mentions-legales","status":"publish","type":"page","link":"https:\/\/adminparticuliers.alwaysdata.net\/wordpress\/index.php\/mentions-legales\/","title":{"rendered":"Mentions L\u00e9gales"},"content":{"rendered":"\n<p>\u00c9diteur du site<\/p>\n\n\n\n<p><br>Samuel Richard \u2013 Entrepreneur individuel<br>Assistant administratif pour particuliers<br>\ud83d\udccd 32 rue de la lande, 49000 Angers<br>\ud83d\udcde 06 27 24 03 73<br>\u2709\ufe0f adminparticuliers@alwaysdata.net<br>\ud83c\udf10 adminparticuliers.alwaysdata.net\/wordpress<br>\ud83d\udcb2 SIREN : 992 342 196<br>\ud83d\udccc Code APE : 8219Z \u2013 Activit\u00e9s de soutien administratif<br>Responsable de publication : Samuel Richard<\/p>\n\n\n\n<hr class=\"wp-block-separator has-alpha-channel-opacity\"\/>\n\n\n\n<p>H\u00e9bergement<\/p>\n\n\n\n<p><br>Ce site est h\u00e9berg\u00e9 par :<br>Alwaysdata<br>91 rue du Faubourg Saint-Honor\u00e9, 75008 Paris<br>\ud83d\udcde +33 (0)1 84 16 23 40<br>\ud83c\udf10 www.alwaysdata.com<\/p>\n\n\n\n<hr class=\"wp-block-separator has-alpha-channel-opacity\"\/>\n\n\n\n<p>Propri\u00e9t\u00e9 intellectuelle<\/p>\n\n\n\n<p><br>Tous les contenus pr\u00e9sents sur ce site (textes, images, logo, structure, design) sont la propri\u00e9t\u00e9 exclusive de ADMIN\u2019PARTICULIERS, sauf mention contraire.<br>Toute reproduction, diffusion, modification ou exploitation sans autorisation pr\u00e9alable est interdite.<\/p>\n\n\n\n<hr class=\"wp-block-separator has-alpha-channel-opacity\"\/>\n\n\n\n<p>Donn\u00e9es personnelles<\/p>\n\n\n\n<p><br>Les informations collect\u00e9es via le formulaire de contact ou de devis sont utilis\u00e9es uniquement pour r\u00e9pondre \u00e0 vos demandes.<br>Conform\u00e9ment au RGPD et \u00e0 la loi Informatique et Libert\u00e9s, vous disposez d\u2019un droit d\u2019acc\u00e8s, de rectification et de suppression de vos donn\u00e9es.<br>Pour exercer ce droit, contactez : adminparticuliers@alwaysdata.net<\/p>\n\n\n\n<hr class=\"wp-block-separator has-alpha-channel-opacity\"\/>\n\n\n\n<p>Cookies<\/p>\n\n\n\n<p><br>Ce site peut utiliser des cookies pour am\u00e9liorer l\u2019exp\u00e9rience utilisateur. Vous pouvez les accepter ou les refuser via les param\u00e8tres de votre navigateur.<\/p>\n\n\n\n<hr class=\"wp-block-separator has-alpha-channel-opacity\"\/>\n\n\n\n<p>Responsabilit\u00e9<\/p>\n\n\n\n<p><br>ADMIN\u2019PARTICULIERS s\u2019efforce de fournir des informations exactes et \u00e0 jour. Toutefois, aucune garantie n\u2019est donn\u00e9e quant \u00e0 l\u2019exhaustivit\u00e9 ou la fiabilit\u00e9 du contenu.<br>L\u2019\u00e9diteur ne peut \u00eatre tenu responsable des dommages li\u00e9s \u00e0 l\u2019utilisation du site ou des liens externes.<\/p>\n\n\n\n<hr class=\"wp-block-separator has-alpha-channel-opacity\"\/>\n","protected":false},"excerpt":{"rendered":"<p>\u00c9diteur du site Samuel Richard \u2013 Entrepreneur individuelAssistant administratif pour particuliers\ud83d\udccd 32 rue de la lande, 49000 Angers\ud83d\udcde 06 27 24 03 73\u2709\ufe0f adminparticuliers@alwaysdata.net\ud83c\udf10 adminparticuliers.alwaysdata.net\/wordpress\ud83d\udcb2 SIREN : 992 342 196\ud83d\udccc Code APE : 8219Z \u2013 Activit\u00e9s de soutien administratifResponsable de publication : Samuel Richard H\u00e9bergement Ce site est h\u00e9berg\u00e9 par :Alwaysdata91 rue du Faubourg Saint-Honor\u00e9, [&hellip;]<\/p>\n","protected":false},"author":1,"featured_media":140,"parent":0,"menu_order":0,"comment_status":"closed","ping_status":"closed","template":"","meta":{"footnotes":""},"class_list":["post-50","page","type-page","status-publish","has-post-thumbnail","hentry"],"jetpack_sharing_enabled":true,"_links":{"self":[{"href":"https:\/\/adminparticuliers.alwaysdata.net\/wordpress\/index.php\/wp-json\/wp\/v2\/pages\/50","targetHints":{"allow":["GET"]}}],"collection":[{"href":"https:\/\/adminparticuliers.alwaysdata.net\/wordpress\/index.php\/wp-json\/wp\/v2\/pages"}],"about":[{"href":"https:\/\/adminparticuliers.alwaysdata.net\/wordpress\/index.php\/wp-json\/wp\/v2\/types\/page"}],"author":[{"embeddable":true,"href":"https:\/\/adminparticuliers.alwaysdata.net\/wordpress\/index.php\/wp-json\/wp\/v2\/users\/1"}],"replies":[{"embeddable":true,"href":"https:\/\/adminparticuliers.alwaysdata.net\/wordpress\/index.php\/wp-json\/wp\/v2\/comments?post=50"}],"version-history":[{"count":2,"href":"https:\/\/adminparticuliers.alwaysdata.net\/wordpress\/index.php\/wp-json\/wp\/v2\/pages\/50\/revisions"}],"predecessor-version":[{"id":139,"href":"https:\/\/adminparticuliers.alwaysdata.net\/wordpress\/index.php\/wp-json\/wp\/v2\/pages\/50\/revisions\/139"}],"wp:featuredmedia":[{"embeddable":true,"href":"https:\/\/adminparticuliers.alwaysdata.net\/wordpress\/index.php\/wp-json\/wp\/v2\/media\/140"}],"wp:attachment":[{"href":"https:\/\/adminparticuliers.alwaysdata.net\/wordpress\/index.php\/wp-json\/wp\/v2\/media?parent=50"}],"curies":[{"name":"wp","href":"https:\/\/api.w.org\/{rel}","templated":true}]}}