{"id":85,"date":"2025-12-12T11:59:20","date_gmt":"2025-12-12T11:59:20","guid":{"rendered":"https:\/\/adminparticuliers.alwaysdata.net\/wordpress\/?page_id=85"},"modified":"2026-01-20T10:12:16","modified_gmt":"2026-01-20T10:12:16","slug":"accueil","status":"publish","type":"page","link":"https:\/\/adminparticuliers.alwaysdata.net\/wordpress\/","title":{"rendered":"Accueil"},"content":{"rendered":"\n<p>Bienvenue chez ADMIN\u2019PARTICULIERS<\/p>\n\n\n\n<p>Je g\u00e8re vos d\u00e9marches sans en faire tout un dossier.<br \/>Assistant administratif pour particuliers \u00e0 Angers.<\/p>\n\n\n\n<p>\ud83d\udccd 32 rue de la lande, 49000 Angers<br \/>\ud83d\udcde 06 27 24 03 73<br \/>\u2709\ufe0f adminparticuliers@alwaysdata.net<\/p>\n\n\n\n<hr class=\"wp-block-separator has-alpha-channel-opacity\"\/>\n\n\n\n<p class=\"is-style-text-subtitle is-style-text-subtitle--1\"><strong>Mes services<\/strong><\/p>\n\n\n\n<ul class=\"wp-block-list\">\n<li>\ud83d\udd8a\ufe0f Gestion administrative : prise en charge de vos dossiers du quotidien.<\/li>\n\n\n\n<li>\ud83d\udcd1 Classement et organisation : vos papiers tri\u00e9s et simplifi\u00e9s.<\/li>\n\n\n\n<li>\ud83d\udcde Accompagnement personnalis\u00e9 : un interlocuteur unique pour vos d\u00e9marches.<\/li>\n<\/ul>\n\n\n\n<hr class=\"wp-block-separator has-alpha-channel-opacity\"\/>\n\n\n\n<p><strong>Pourquoi me choisir ?<\/strong><\/p>\n\n\n\n<p><br \/>\u2705 Rapidit\u00e9 et clart\u00e9<br \/>\u2705 Confidentialit\u00e9 garantie<br \/>\u2705 Exp\u00e9rience et proximit\u00e9 \u00e0 Angers<\/p>\n\n\n\n<hr class=\"wp-block-separator has-alpha-channel-opacity\"\/>\n\n\n\n<p><strong>Contact rapide<\/strong><\/p>\n\n\n\n<p><br \/>Besoin d\u2019aide d\u00e8s aujourd\u2019hui ?<\/p>\n\n\n\n<p><br \/>\ud83d\udcde 06 27 24 03 73<br \/>\u2709\ufe0f adminparticuliers@alwaysdata.net<\/p>\n\n\n\n<div class=\"wp-block-group alignfull has-global-padding is-layout-constrained wp-container-core-group-is-layout-08655630 wp-block-group-is-layout-constrained\" style=\"margin-top:0;margin-bottom:0;padding-top:var(--wp--preset--spacing--80);padding-bottom:var(--wp--preset--spacing--80)\">\n<div class=\"wp-block-group alignwide is-layout-flow wp-block-group-is-layout-flow\">\n<p class=\"has-text-align-center is-style-text-display is-style-text-display--2\" style=\"font-style:normal;font-weight:400\">Vous avez des questions&nbsp;? <br \/>N\u2019h\u00e9sitez pas \u00e0 nous contacter.<\/p>\n\n\n\n<p class=\"has-text-align-center\"><a data-type=\"page\" data-id=\"44\" href=\"https:\/\/adminparticuliers.alwaysdata.net\/wordpress\/index.php\/contact-devis\/\">Contact &amp; Devis<\/a><\/p>\n<\/div>\n<\/div>\n\n\n\n<hr class=\"wp-block-separator has-alpha-channel-opacity\"\/>\n\n\n","protected":false},"excerpt":{"rendered":"<p>Bienvenue chez ADMIN\u2019PARTICULIERS Je g\u00e8re vos d\u00e9marches sans en faire tout un dossier.Assistant administratif pour particuliers \u00e0 Angers. \ud83d\udccd 32 rue de la lande, 49000 Angers\ud83d\udcde 06 27 24 03 73\u2709\ufe0f adminparticuliers@alwaysdata.net Mes services Pourquoi me choisir ? \u2705 Rapidit\u00e9 et clart\u00e9\u2705 Confidentialit\u00e9 garantie\u2705 Exp\u00e9rience et proximit\u00e9 \u00e0 Angers Contact rapide Besoin d\u2019aide d\u00e8s aujourd\u2019hui [&hellip;]<\/p>\n","protected":false},"author":1,"featured_media":0,"parent":0,"menu_order":0,"comment_status":"closed","ping_status":"closed","template":"","meta":{"footnotes":""},"class_list":["post-85","page","type-page","status-publish","hentry"],"jetpack_sharing_enabled":true,"_links":{"self":[{"href":"https:\/\/adminparticuliers.alwaysdata.net\/wordpress\/index.php\/wp-json\/wp\/v2\/pages\/85","targetHints":{"allow":["GET"]}}],"collection":[{"href":"https:\/\/adminparticuliers.alwaysdata.net\/wordpress\/index.php\/wp-json\/wp\/v2\/pages"}],"about":[{"href":"https:\/\/adminparticuliers.alwaysdata.net\/wordpress\/index.php\/wp-json\/wp\/v2\/types\/page"}],"author":[{"embeddable":true,"href":"https:\/\/adminparticuliers.alwaysdata.net\/wordpress\/index.php\/wp-json\/wp\/v2\/users\/1"}],"replies":[{"embeddable":true,"href":"https:\/\/adminparticuliers.alwaysdata.net\/wordpress\/index.php\/wp-json\/wp\/v2\/comments?post=85"}],"version-history":[{"count":14,"href":"https:\/\/adminparticuliers.alwaysdata.net\/wordpress\/index.php\/wp-json\/wp\/v2\/pages\/85\/revisions"}],"predecessor-version":[{"id":157,"href":"https:\/\/adminparticuliers.alwaysdata.net\/wordpress\/index.php\/wp-json\/wp\/v2\/pages\/85\/revisions\/157"}],"wp:attachment":[{"href":"https:\/\/adminparticuliers.alwaysdata.net\/wordpress\/index.php\/wp-json\/wp\/v2\/media?parent=85"}],"curies":[{"name":"wp","href":"https:\/\/api.w.org\/{rel}","templated":true}]}}